{"id":89118,"date":"2025-03-25T13:30:41","date_gmt":"2025-03-25T12:30:41","guid":{"rendered":"https:\/\/acelerapyme.depourense.es\/evento\/concello-de-chandrexa-de-queixa-presentacion-do-proxecto-acelera-pyme\/"},"modified":"2025-03-25T13:30:41","modified_gmt":"2025-03-25T12:30:41","slug":"concello-de-chandrexa-de-queixa-presentacion-do-proxecto-acelera-pyme","status":"publish","type":"tribe_events","link":"https:\/\/acelerapyme.depourense.es\/gl\/evento\/concello-de-chandrexa-de-queixa-presentacion-do-proxecto-acelera-pyme\/","title":{"rendered":"Concello de Chandrexa de Queixa-Presentaci\u00f3n do Proxecto Acelera Pyme"},"content":{"rendered":"<p>Concello de Chandrexa de Queixa- Presentaci\u00f3n do Proxecto Acelera Pyme Sesi\u00f3n en colaboraci\u00f3n con &#8220;Administraci\u00f3n Preto de Ti\u201d da Subdelegaci\u00f3n do Goberno en Ourense. Sede do Concello de Chandrexa de Queixa  <\/p>\n","protected":false},"excerpt":{"rendered":"<p>Concello de Chandrexa de Queixa- Presentaci\u00f3n do Proxecto Acelera Pyme Sesi\u00f3n en colaboraci\u00f3n con &#8220;Administraci\u00f3n Preto de Ti\u201d da Subdelegaci\u00f3n do Goberno en Ourense. Sede do Concello de Chandrexa de&hellip;<\/p>\n","protected":false},"author":1,"featured_media":0,"comment_status":"open","ping_status":"closed","template":"","meta":{"_tribe_events_status":"","_tribe_events_status_reason":"","footnotes":""},"tags":[],"tribe_events_cat":[],"class_list":["post-89118","tribe_events","type-tribe_events","status-publish","hentry","description-off"],"yoast_head":"<!-- This site is optimized with the Yoast SEO plugin v23.0 - https:\/\/yoast.com\/wordpress\/plugins\/seo\/ -->\n<title>Concello de Chandrexa de Queixa-Presentaci\u00f3n do Proxecto Acelera Pyme - Acelerou<\/title>\n<meta name=\"robots\" content=\"index, follow, max-snippet:-1, max-image-preview:large, max-video-preview:-1\" \/>\n<link rel=\"canonical\" href=\"https:\/\/acelerapyme.depourense.es\/evento\/concello-de-chandrexa-de-queixa-presentacion-do-proxecto-acelera-pyme\/\" \/>\n<meta property=\"og:locale\" content=\"gl_ES\" \/>\n<meta property=\"og:type\" content=\"article\" \/>\n<meta property=\"og:title\" content=\"Concello de Chandrexa de Queixa-Presentaci\u00f3n do Proxecto Acelera Pyme - Acelerou\" \/>\n<meta property=\"og:description\" content=\"Concello de Chandrexa de Queixa- Presentaci\u00f3n do Proxecto Acelera Pyme Sesi\u00f3n en colaboraci\u00f3n con &#8220;Administraci\u00f3n Preto de Ti\u201d da Subdelegaci\u00f3n do Goberno en Ourense. Sede do Concello de Chandrexa de&hellip;\" \/>\n<meta property=\"og:url\" content=\"https:\/\/acelerapyme.depourense.es\/evento\/concello-de-chandrexa-de-queixa-presentacion-do-proxecto-acelera-pyme\/\" \/>\n<meta property=\"og:site_name\" content=\"Acelerou\" \/>\n<meta name=\"twitter:card\" content=\"summary_large_image\" \/>\n<script type=\"application\/ld+json\" class=\"yoast-schema-graph\">{\"@context\":\"https:\/\/schema.org\",\"@graph\":[{\"@type\":\"WebPage\",\"@id\":\"https:\/\/acelerapyme.depourense.es\/evento\/concello-de-chandrexa-de-queixa-presentacion-do-proxecto-acelera-pyme\/\",\"url\":\"https:\/\/acelerapyme.depourense.es\/evento\/concello-de-chandrexa-de-queixa-presentacion-do-proxecto-acelera-pyme\/\",\"name\":\"Concello de Chandrexa de Queixa-Presentaci\u00f3n do Proxecto Acelera Pyme - Acelerou\",\"isPartOf\":{\"@id\":\"https:\/\/acelerapyme.depourense.es\/#website\"},\"datePublished\":\"2025-03-25T12:30:41+00:00\",\"dateModified\":\"2025-03-25T12:30:41+00:00\",\"breadcrumb\":{\"@id\":\"https:\/\/acelerapyme.depourense.es\/evento\/concello-de-chandrexa-de-queixa-presentacion-do-proxecto-acelera-pyme\/#breadcrumb\"},\"inLanguage\":\"gl-ES\",\"potentialAction\":[{\"@type\":\"ReadAction\",\"target\":[\"https:\/\/acelerapyme.depourense.es\/evento\/concello-de-chandrexa-de-queixa-presentacion-do-proxecto-acelera-pyme\/\"]}]},{\"@type\":\"BreadcrumbList\",\"@id\":\"https:\/\/acelerapyme.depourense.es\/evento\/concello-de-chandrexa-de-queixa-presentacion-do-proxecto-acelera-pyme\/#breadcrumb\",\"itemListElement\":[{\"@type\":\"ListItem\",\"position\":1,\"name\":\"Portada\",\"item\":\"https:\/\/acelerapyme.depourense.es\/\"},{\"@type\":\"ListItem\",\"position\":2,\"name\":\"Eventos\",\"item\":\"https:\/\/acelerapyme.depourense.es\/eventos\/\"},{\"@type\":\"ListItem\",\"position\":3,\"name\":\"Concello de Chandrexa de Queixa-Presentaci\u00f3n do Proxecto Acelera Pyme\"}]},{\"@type\":\"WebSite\",\"@id\":\"https:\/\/acelerapyme.depourense.es\/#website\",\"url\":\"https:\/\/acelerapyme.depourense.es\/\",\"name\":\"Acelerou\",\"description\":\"\",\"publisher\":{\"@id\":\"https:\/\/acelerapyme.depourense.es\/#organization\"},\"potentialAction\":[{\"@type\":\"SearchAction\",\"target\":{\"@type\":\"EntryPoint\",\"urlTemplate\":\"https:\/\/acelerapyme.depourense.es\/?s={search_term_string}\"},\"query-input\":\"required name=search_term_string\"}],\"inLanguage\":\"gl-ES\"},{\"@type\":\"Organization\",\"@id\":\"https:\/\/acelerapyme.depourense.es\/#organization\",\"name\":\"Acelerou\",\"url\":\"https:\/\/acelerapyme.depourense.es\/\",\"logo\":{\"@type\":\"ImageObject\",\"inLanguage\":\"gl-ES\",\"@id\":\"https:\/\/acelerapyme.depourense.es\/#\/schema\/logo\/image\/\",\"url\":\"https:\/\/acelerapyme.depourense.es\/wp-content\/uploads\/2024\/06\/logo2.png\",\"contentUrl\":\"https:\/\/acelerapyme.depourense.es\/wp-content\/uploads\/2024\/06\/logo2.png\",\"width\":1012,\"height\":189,\"caption\":\"Acelerou\"},\"image\":{\"@id\":\"https:\/\/acelerapyme.depourense.es\/#\/schema\/logo\/image\/\"}}]}<\/script>\n<!-- \/ Yoast SEO plugin. -->","yoast_head_json":{"title":"Concello de Chandrexa de Queixa-Presentaci\u00f3n do Proxecto Acelera Pyme - Acelerou","robots":{"index":"index","follow":"follow","max-snippet":"max-snippet:-1","max-image-preview":"max-image-preview:large","max-video-preview":"max-video-preview:-1"},"canonical":"https:\/\/acelerapyme.depourense.es\/evento\/concello-de-chandrexa-de-queixa-presentacion-do-proxecto-acelera-pyme\/","og_locale":"gl_ES","og_type":"article","og_title":"Concello de Chandrexa de Queixa-Presentaci\u00f3n do Proxecto Acelera Pyme - Acelerou","og_description":"Concello de Chandrexa de Queixa- Presentaci\u00f3n do Proxecto Acelera Pyme Sesi\u00f3n en colaboraci\u00f3n con &#8220;Administraci\u00f3n Preto de Ti\u201d da Subdelegaci\u00f3n do Goberno en Ourense. Sede do Concello de Chandrexa de&hellip;","og_url":"https:\/\/acelerapyme.depourense.es\/evento\/concello-de-chandrexa-de-queixa-presentacion-do-proxecto-acelera-pyme\/","og_site_name":"Acelerou","twitter_card":"summary_large_image","schema":{"@context":"https:\/\/schema.org","@graph":[{"@type":"WebPage","@id":"https:\/\/acelerapyme.depourense.es\/evento\/concello-de-chandrexa-de-queixa-presentacion-do-proxecto-acelera-pyme\/","url":"https:\/\/acelerapyme.depourense.es\/evento\/concello-de-chandrexa-de-queixa-presentacion-do-proxecto-acelera-pyme\/","name":"Concello de Chandrexa de Queixa-Presentaci\u00f3n do Proxecto Acelera Pyme - Acelerou","isPartOf":{"@id":"https:\/\/acelerapyme.depourense.es\/#website"},"datePublished":"2025-03-25T12:30:41+00:00","dateModified":"2025-03-25T12:30:41+00:00","breadcrumb":{"@id":"https:\/\/acelerapyme.depourense.es\/evento\/concello-de-chandrexa-de-queixa-presentacion-do-proxecto-acelera-pyme\/#breadcrumb"},"inLanguage":"gl-ES","potentialAction":[{"@type":"ReadAction","target":["https:\/\/acelerapyme.depourense.es\/evento\/concello-de-chandrexa-de-queixa-presentacion-do-proxecto-acelera-pyme\/"]}]},{"@type":"BreadcrumbList","@id":"https:\/\/acelerapyme.depourense.es\/evento\/concello-de-chandrexa-de-queixa-presentacion-do-proxecto-acelera-pyme\/#breadcrumb","itemListElement":[{"@type":"ListItem","position":1,"name":"Portada","item":"https:\/\/acelerapyme.depourense.es\/"},{"@type":"ListItem","position":2,"name":"Eventos","item":"https:\/\/acelerapyme.depourense.es\/eventos\/"},{"@type":"ListItem","position":3,"name":"Concello de Chandrexa de Queixa-Presentaci\u00f3n do Proxecto Acelera Pyme"}]},{"@type":"WebSite","@id":"https:\/\/acelerapyme.depourense.es\/#website","url":"https:\/\/acelerapyme.depourense.es\/","name":"Acelerou","description":"","publisher":{"@id":"https:\/\/acelerapyme.depourense.es\/#organization"},"potentialAction":[{"@type":"SearchAction","target":{"@type":"EntryPoint","urlTemplate":"https:\/\/acelerapyme.depourense.es\/?s={search_term_string}"},"query-input":"required name=search_term_string"}],"inLanguage":"gl-ES"},{"@type":"Organization","@id":"https:\/\/acelerapyme.depourense.es\/#organization","name":"Acelerou","url":"https:\/\/acelerapyme.depourense.es\/","logo":{"@type":"ImageObject","inLanguage":"gl-ES","@id":"https:\/\/acelerapyme.depourense.es\/#\/schema\/logo\/image\/","url":"https:\/\/acelerapyme.depourense.es\/wp-content\/uploads\/2024\/06\/logo2.png","contentUrl":"https:\/\/acelerapyme.depourense.es\/wp-content\/uploads\/2024\/06\/logo2.png","width":1012,"height":189,"caption":"Acelerou"},"image":{"@id":"https:\/\/acelerapyme.depourense.es\/#\/schema\/logo\/image\/"}}]}},"_links":{"self":[{"href":"https:\/\/acelerapyme.depourense.es\/gl\/wp-json\/wp\/v2\/tribe_events\/89118","targetHints":{"allow":["GET"]}}],"collection":[{"href":"https:\/\/acelerapyme.depourense.es\/gl\/wp-json\/wp\/v2\/tribe_events"}],"about":[{"href":"https:\/\/acelerapyme.depourense.es\/gl\/wp-json\/wp\/v2\/types\/tribe_events"}],"author":[{"embeddable":true,"href":"https:\/\/acelerapyme.depourense.es\/gl\/wp-json\/wp\/v2\/users\/1"}],"replies":[{"embeddable":true,"href":"https:\/\/acelerapyme.depourense.es\/gl\/wp-json\/wp\/v2\/comments?post=89118"}],"version-history":[{"count":0,"href":"https:\/\/acelerapyme.depourense.es\/gl\/wp-json\/wp\/v2\/tribe_events\/89118\/revisions"}],"wp:attachment":[{"href":"https:\/\/acelerapyme.depourense.es\/gl\/wp-json\/wp\/v2\/media?parent=89118"}],"wp:term":[{"taxonomy":"post_tag","embeddable":true,"href":"https:\/\/acelerapyme.depourense.es\/gl\/wp-json\/wp\/v2\/tags?post=89118"},{"taxonomy":"tribe_events_cat","embeddable":true,"href":"https:\/\/acelerapyme.depourense.es\/gl\/wp-json\/wp\/v2\/tribe_events_cat?post=89118"}],"curies":[{"name":"wp","href":"https:\/\/api.w.org\/{rel}","templated":true}]}}

Concello de Chandrexa de Queixa-Presentación do Proxecto Acelera Pyme

<p>Concello de Chandrexa de Queixa- Presentación do Proxecto Acelera Pyme Sesión en colaboración con &#8220;Administración Preto de Ti” da Subdelegación do Goberno en Ourense. Sede do Concello de Chandrexa de Queixa  </p>

<p>Concello de Chandrexa de Queixa- Presentación do Proxecto Acelera Pyme Sesión en colaboración con &#8220;Administración Preto de Ti” da Subdelegación do Goberno en Ourense. Sede do Concello de Chandrexa de&hellip;</p>

<!-- This site is optimized with the Yoast SEO plugin v23.0 - https://yoast.com/wordpress/plugins/seo/ -->
<title>Concello de Chandrexa de Queixa-Presentación do Proxecto Acelera Pyme - Acelerou</title>
<meta name="robots" content="index, follow, max-snippet:-1, max-image-preview:large, max-video-preview:-1" />
<link rel="canonical" href="https://acelerapyme.depourense.es/evento/concello-de-chandrexa-de-queixa-presentacion-do-proxecto-acelera-pyme/" />
<meta property="og:locale" content="gl_ES" />
<meta property="og:type" content="article" />
<meta property="og:title" content="Concello de Chandrexa de Queixa-Presentación do Proxecto Acelera Pyme - Acelerou" />
<meta property="og:description" content="Concello de Chandrexa de Queixa- Presentación do Proxecto Acelera Pyme Sesión en colaboración con &#8220;Administración Preto de Ti” da Subdelegación do Goberno en Ourense. Sede do Concello de Chandrexa de&hellip;" />
<meta property="og:url" content="https://acelerapyme.depourense.es/evento/concello-de-chandrexa-de-queixa-presentacion-do-proxecto-acelera-pyme/" />
<meta property="og:site_name" content="Acelerou" />
<meta name="twitter:card" content="summary_large_image" />
<script type="application/ld+json" class="yoast-schema-graph">{"@context":"https://schema.org","@graph":[{"@type":"WebPage","@id":"https://acelerapyme.depourense.es/evento/concello-de-chandrexa-de-queixa-presentacion-do-proxecto-acelera-pyme/","url":"https://acelerapyme.depourense.es/evento/concello-de-chandrexa-de-queixa-presentacion-do-proxecto-acelera-pyme/","name":"Concello de Chandrexa de Queixa-Presentación do Proxecto Acelera Pyme - Acelerou","isPartOf":{"@id":"https://acelerapyme.depourense.es/#website"},"datePublished":"2025-03-25T12:30:41+00:00","dateModified":"2025-03-25T12:30:41+00:00","breadcrumb":{"@id":"https://acelerapyme.depourense.es/evento/concello-de-chandrexa-de-queixa-presentacion-do-proxecto-acelera-pyme/#breadcrumb"},"inLanguage":"gl-ES","potentialAction":[{"@type":"ReadAction","target":["https://acelerapyme.depourense.es/evento/concello-de-chandrexa-de-queixa-presentacion-do-proxecto-acelera-pyme/"]}]},{"@type":"BreadcrumbList","@id":"https://acelerapyme.depourense.es/evento/concello-de-chandrexa-de-queixa-presentacion-do-proxecto-acelera-pyme/#breadcrumb","itemListElement":[{"@type":"ListItem","position":1,"name":"Portada","item":"https://acelerapyme.depourense.es/"},{"@type":"ListItem","position":2,"name":"Eventos","item":"https://acelerapyme.depourense.es/eventos/"},{"@type":"ListItem","position":3,"name":"Concello de Chandrexa de Queixa-Presentación do Proxecto Acelera Pyme"}]},{"@type":"WebSite","@id":"https://acelerapyme.depourense.es/#website","url":"https://acelerapyme.depourense.es/","name":"Acelerou","description":"","publisher":{"@id":"https://acelerapyme.depourense.es/#organization"},"potentialAction":[{"@type":"SearchAction","target":{"@type":"EntryPoint","urlTemplate":"https://acelerapyme.depourense.es/?s={search_term_string}"},"query-input":"required name=search_term_string"}],"inLanguage":"gl-ES"},{"@type":"Organization","@id":"https://acelerapyme.depourense.es/#organization","name":"Acelerou","url":"https://acelerapyme.depourense.es/","logo":{"@type":"ImageObject","inLanguage":"gl-ES","@id":"https://acelerapyme.depourense.es/#/schema/logo/image/","url":"https://acelerapyme.depourense.es/wp-content/uploads/2024/06/logo2.png","contentUrl":"https://acelerapyme.depourense.es/wp-content/uploads/2024/06/logo2.png","width":1012,"height":189,"caption":"Acelerou"},"image":{"@id":"https://acelerapyme.depourense.es/#/schema/logo/image/"}}]}</script>
<!-- / Yoast SEO plugin. -->

Concello de Chandrexa de Queixa-Presentación do Proxecto Acelera Pyme - Acelerou

Concello de Chandrexa de Queixa- Presentación do Proxecto Acelera Pyme Sesión en colaboración con &#8220;Administración Preto de Ti” da Subdelegación do Goberno en Ourense. Sede do Concello de Chandrexa de&hellip;
