{"id":88536,"date":"2024-05-27T09:56:04","date_gmt":"2024-05-27T07:56:04","guid":{"rendered":"https:\/\/acelerapyme.depourense.es\/politica-de-privacidade\/"},"modified":"2024-09-23T18:07:49","modified_gmt":"2024-09-23T16:07:49","slug":"politica-de-privacidade","status":"publish","type":"page","link":"https:\/\/acelerapyme.depourense.es\/gl\/politica-de-privacidade\/","title":{"rendered":"Pol\u00edtica de privacidade"},"content":{"rendered":"\t\t<div data-elementor-type=\"wp-page\" data-elementor-id=\"88536\" class=\"elementor elementor-88536 elementor-3\" data-elementor-post-type=\"page\">\n\t\t\t\t<div class=\"elementor-element elementor-element-48484b1f e-flex e-con-boxed e-con e-parent\" data-id=\"48484b1f\" data-element_type=\"container\" data-settings=\"{&quot;_ha_eqh_enable&quot;:false}\">\n\t\t\t\t\t<div class=\"e-con-inner\">\n\t\t\t\t<div class=\"elementor-element elementor-element-1024c604 elementor-widget elementor-widget-text-editor\" data-id=\"1024c604\" data-element_type=\"widget\" data-widget_type=\"text-editor.default\">\n\t\t\t\t<div class=\"elementor-widget-container\">\n\t\t\t\t\t\t\t\n<h4>ART. 6.1.E NORMATIVA XERAL DE PROTECCI\u00d3N DE DATOS, INTERESE P\u00daBLICO E ART. 8 LOPD-GDD<\/h4>\n<p><strong>Responsable do tratamento dos seus datos persoais<\/strong><\/p>\n<p>Responsable<br> Identidade: DEPUTACI\u00d3N DE OURENSE.<br> CIF P3200000B.[C\u00f3digo DIR3 L02000032]<br> Enderezo Postal: R\u00faa Progreso 32, 32003 Ourense<br> Tel\u00e9fono: (+34) 988 317 500<br> Correo electr\u00f3nico: atga@depourense.gal<br><br> Delegado de Protecci\u00f3n de Datos<br> Datos de contacto: dpd@depourense.es<br> Correo postal: r\u00faa Progreso 32, 32003 Ourense<\/p>\n<p><strong>Con que finalidade tratamos os teus datos?<\/strong><\/p>\n<p>Nesta Entidade tratamos a informaci\u00f3n obtida coa finalidade de poder tramitar expedientes administrativos e as actuaci\u00f3ns derivadas deles.<\/p>\n<p><strong>Canto tempo conservaremos os teus datos?<\/strong><\/p>\n<p>Almacenamos os datos durante o tempo necesario para poder cumprir coas obrigas legais encomendadas pola normativa administrativa, e sempre, cumprindo polo menos o tempo m\u00ednimo de conservaci\u00f3n da informaci\u00f3n. De conformidade co disposto no artigo 26 da LOPD-GDD, o tratamento por parte desta Entidade dos datos con fins de arquivo de interese p\u00fablico ser\u00e1 l\u00edcito, cumprindo sempre a normativa vixente en materia de arquivos e documentaci\u00f3n. <\/p>\n<p><strong>Existencia de decisi\u00f3ns automatizadas?<\/strong><\/p>\n<p>Esta Entidade poder\u00e1 adoptar decisi\u00f3ns automatizadas en funci\u00f3n da cobertura legal que lle outorga o artigo 41 da Lei 40\/2015, do 1 de outubro, de R\u00e9xime Xur\u00eddico do Sector P\u00fablico. Tratar\u00edase de calquera acto ou actuaci\u00f3n realizado integramente por medios electr\u00f3nicos no marco dun procedemento administrativo e no que non intervi\u00f1ese directamente unha persoa. <\/p>\n<p>A toma de decisi\u00f3ns automatizada debe estar regulada na s\u00faa propia normativa, definindo especificaci\u00f3ns, programaci\u00f3n, mantemento, supervisi\u00f3n e control de calidade. A devandita normativa estar\u00e1 \u00e1 disposici\u00f3n dos cidad\u00e1ns na sede electr\u00f3nica desta Entidade. <\/p>\n<p><strong>Cal \u00e9 a lexitimidade para o tratamento dos seus datos persoais?<\/strong><\/p>\n<p>A base legal para o tratamento dos seus datos \u00e9 o cumprimento dunha misi\u00f3n que se realice en interese p\u00fablico ou no exercicio de poderes p\u00fablicos, de conformidade coa Lei 39\/2015, do 1 de outubro, do Procedemento Administrativo Com\u00fan.<\/p>\n<p><strong>Cales son os seus dereitos en relaci\u00f3n cos datos facilitados?<\/strong><\/p>\n<p>Calquera persoa ten dereito a obter informaci\u00f3n sobre se os seus datos persoais est\u00e1n a ser tratados nesta Entidade ou non.<\/p>\n<p>As persoas interesadas te\u00f1en dereito a acceder aos seus datos persoais, ao per\u00edodo de conservaci\u00f3n dos seus datos, incluso a obter unha copia dos datos obxecto de tratamento.<\/p>\n<p>As\u00ed mesmo, ten dereito a rectificar os datos se son inexactos. (Por exemplo, pode solicitar unha rectificaci\u00f3n do seu enderezo, un cambio de nome, etc.). <\/p>\n<p>Os interesados \u200b\u200bte\u00f1en dereito a limitar o tratamento, para iso deber\u00e1n solicitalo ao responsable, que deber\u00e1 suspender o tratamento dos datos cando os cidad\u00e1ns soliciten a rectificaci\u00f3n ou supresi\u00f3n dos seus datos, ata que se resolva a s\u00faa solicitude.<\/p>\n<p>Os interesados \u200b\u200bpoder\u00e1n exercer o dereito de supresi\u00f3n (dereito ao esquecemento) sempre que concorran as circunstancias recollidas no RGPD e segundo o regulado no artigo 15 da LOPD-GDD.<\/p>\n<p>O afectado poder\u00e1 exercer o dereito de oposici\u00f3n ao tratamento, sempre por motivos relacionados coa s\u00faa situaci\u00f3n persoal, ag\u00e1s cando se acredite un interese lex\u00edtimo, ou cando sexa necesario para o exercicio ou a defensa de reclamaci\u00f3ns. As\u00ed mesmo, cando o tratamento estea destinado \u00e1 mercadotecnia directa. <\/p>\n<p>O interesado ter\u00e1 dereito \u00e1 portabilidade para obter os datos nun formato estruturado, de uso com\u00fan e lexible por m\u00e1quina, e transmitilos a outro responsable cando o tratamento se basee no consentimento ou se realice por medios automatizados.<\/p>\n<p>Os interesados \u200b\u200bpoder\u00e1n exercer os dereitos sinalados nos par\u00e1grafos anteriores, a trav\u00e9s dos formularios dispo\u00f1ibles na sede electr\u00f3nica desta entidade ou remitindolle un escrito por correo postal.<\/p>\n\t\t\t\t\t\t<\/div>\n\t\t\t\t<\/div>\n\t\t\t\t\t<\/div>\n\t\t\t\t<\/div>\n\t\t\t\t<\/div>\n\t\t","protected":false},"excerpt":{"rendered":"<p>ART. 6.1.E NORMATIVA XERAL DE PROTECCI\u00d3N DE DATOS, INTERESE P\u00daBLICO E ART. 8 LOPD-GDD Responsable do tratamento dos seus datos persoais Responsable Identidade: DEPUTACI\u00d3N DE OURENSE. CIF P3200000B.[C\u00f3digo DIR3 L02000032]&hellip;<\/p>\n","protected":false},"author":1,"featured_media":0,"parent":0,"menu_order":0,"comment_status":"closed","ping_status":"open","template":"","meta":{"footnotes":""},"class_list":["post-88536","page","type-page","status-publish","hentry"],"yoast_head":"<!-- This site is optimized with the Yoast SEO plugin v23.0 - https:\/\/yoast.com\/wordpress\/plugins\/seo\/ -->\n<title>Pol\u00edtica de privacidade - Acelerou<\/title>\n<meta name=\"robots\" content=\"index, follow, max-snippet:-1, max-image-preview:large, max-video-preview:-1\" \/>\n<link rel=\"canonical\" href=\"https:\/\/acelerapyme.depourense.es\/gl\/?page_id=88536\" \/>\n<meta property=\"og:locale\" content=\"gl_ES\" \/>\n<meta property=\"og:type\" content=\"article\" \/>\n<meta property=\"og:title\" content=\"Pol\u00edtica de privacidade - Acelerou\" \/>\n<meta property=\"og:description\" content=\"ART. 6.1.E NORMATIVA XERAL DE PROTECCI\u00d3N DE DATOS, INTERESE P\u00daBLICO E ART. 8 LOPD-GDD Responsable do tratamento dos seus datos persoais Responsable Identidade: DEPUTACI\u00d3N DE OURENSE. CIF P3200000B.[C\u00f3digo DIR3 L02000032]&hellip;\" \/>\n<meta property=\"og:url\" content=\"https:\/\/acelerapyme.depourense.es\/gl\/?page_id=88536\" \/>\n<meta property=\"og:site_name\" content=\"Acelerou\" \/>\n<meta property=\"article:modified_time\" content=\"2024-09-23T16:07:49+00:00\" \/>\n<meta name=\"twitter:card\" content=\"summary_large_image\" \/>\n<meta name=\"twitter:label1\" content=\"Tempo de lectura\" \/>\n\t<meta name=\"twitter:data1\" content=\"3 minutos\" \/>\n<script type=\"application\/ld+json\" class=\"yoast-schema-graph\">{\"@context\":\"https:\/\/schema.org\",\"@graph\":[{\"@type\":\"WebPage\",\"@id\":\"https:\/\/acelerapyme.depourense.es\/gl\/?page_id=88536\",\"url\":\"https:\/\/acelerapyme.depourense.es\/gl\/?page_id=88536\",\"name\":\"Pol\u00edtica de privacidade - Acelerou\",\"isPartOf\":{\"@id\":\"https:\/\/acelerapyme.depourense.es\/#website\"},\"datePublished\":\"2024-05-27T07:56:04+00:00\",\"dateModified\":\"2024-09-23T16:07:49+00:00\",\"breadcrumb\":{\"@id\":\"https:\/\/acelerapyme.depourense.es\/gl\/?page_id=88536#breadcrumb\"},\"inLanguage\":\"gl-ES\",\"potentialAction\":[{\"@type\":\"ReadAction\",\"target\":[\"https:\/\/acelerapyme.depourense.es\/gl\/?page_id=88536\"]}]},{\"@type\":\"BreadcrumbList\",\"@id\":\"https:\/\/acelerapyme.depourense.es\/gl\/?page_id=88536#breadcrumb\",\"itemListElement\":[{\"@type\":\"ListItem\",\"position\":1,\"name\":\"Portada\",\"item\":\"https:\/\/acelerapyme.depourense.es\/\"},{\"@type\":\"ListItem\",\"position\":2,\"name\":\"Pol\u00edtica de privacidade\"}]},{\"@type\":\"WebSite\",\"@id\":\"https:\/\/acelerapyme.depourense.es\/#website\",\"url\":\"https:\/\/acelerapyme.depourense.es\/\",\"name\":\"Acelerou\",\"description\":\"\",\"publisher\":{\"@id\":\"https:\/\/acelerapyme.depourense.es\/#organization\"},\"potentialAction\":[{\"@type\":\"SearchAction\",\"target\":{\"@type\":\"EntryPoint\",\"urlTemplate\":\"https:\/\/acelerapyme.depourense.es\/?s={search_term_string}\"},\"query-input\":\"required name=search_term_string\"}],\"inLanguage\":\"gl-ES\"},{\"@type\":\"Organization\",\"@id\":\"https:\/\/acelerapyme.depourense.es\/#organization\",\"name\":\"Acelerou\",\"url\":\"https:\/\/acelerapyme.depourense.es\/\",\"logo\":{\"@type\":\"ImageObject\",\"inLanguage\":\"gl-ES\",\"@id\":\"https:\/\/acelerapyme.depourense.es\/#\/schema\/logo\/image\/\",\"url\":\"https:\/\/acelerapyme.depourense.es\/wp-content\/uploads\/2024\/06\/logo2.png\",\"contentUrl\":\"https:\/\/acelerapyme.depourense.es\/wp-content\/uploads\/2024\/06\/logo2.png\",\"width\":1012,\"height\":189,\"caption\":\"Acelerou\"},\"image\":{\"@id\":\"https:\/\/acelerapyme.depourense.es\/#\/schema\/logo\/image\/\"}}]}<\/script>\n<!-- \/ Yoast SEO plugin. -->","yoast_head_json":{"title":"Pol\u00edtica de privacidade - Acelerou","robots":{"index":"index","follow":"follow","max-snippet":"max-snippet:-1","max-image-preview":"max-image-preview:large","max-video-preview":"max-video-preview:-1"},"canonical":"https:\/\/acelerapyme.depourense.es\/gl\/?page_id=88536","og_locale":"gl_ES","og_type":"article","og_title":"Pol\u00edtica de privacidade - Acelerou","og_description":"ART. 6.1.E NORMATIVA XERAL DE PROTECCI\u00d3N DE DATOS, INTERESE P\u00daBLICO E ART. 8 LOPD-GDD Responsable do tratamento dos seus datos persoais Responsable Identidade: DEPUTACI\u00d3N DE OURENSE. CIF P3200000B.[C\u00f3digo DIR3 L02000032]&hellip;","og_url":"https:\/\/acelerapyme.depourense.es\/gl\/?page_id=88536","og_site_name":"Acelerou","article_modified_time":"2024-09-23T16:07:49+00:00","twitter_card":"summary_large_image","twitter_misc":{"Tempo de lectura":"3 minutos"},"schema":{"@context":"https:\/\/schema.org","@graph":[{"@type":"WebPage","@id":"https:\/\/acelerapyme.depourense.es\/gl\/?page_id=88536","url":"https:\/\/acelerapyme.depourense.es\/gl\/?page_id=88536","name":"Pol\u00edtica de privacidade - Acelerou","isPartOf":{"@id":"https:\/\/acelerapyme.depourense.es\/#website"},"datePublished":"2024-05-27T07:56:04+00:00","dateModified":"2024-09-23T16:07:49+00:00","breadcrumb":{"@id":"https:\/\/acelerapyme.depourense.es\/gl\/?page_id=88536#breadcrumb"},"inLanguage":"gl-ES","potentialAction":[{"@type":"ReadAction","target":["https:\/\/acelerapyme.depourense.es\/gl\/?page_id=88536"]}]},{"@type":"BreadcrumbList","@id":"https:\/\/acelerapyme.depourense.es\/gl\/?page_id=88536#breadcrumb","itemListElement":[{"@type":"ListItem","position":1,"name":"Portada","item":"https:\/\/acelerapyme.depourense.es\/"},{"@type":"ListItem","position":2,"name":"Pol\u00edtica de privacidade"}]},{"@type":"WebSite","@id":"https:\/\/acelerapyme.depourense.es\/#website","url":"https:\/\/acelerapyme.depourense.es\/","name":"Acelerou","description":"","publisher":{"@id":"https:\/\/acelerapyme.depourense.es\/#organization"},"potentialAction":[{"@type":"SearchAction","target":{"@type":"EntryPoint","urlTemplate":"https:\/\/acelerapyme.depourense.es\/?s={search_term_string}"},"query-input":"required name=search_term_string"}],"inLanguage":"gl-ES"},{"@type":"Organization","@id":"https:\/\/acelerapyme.depourense.es\/#organization","name":"Acelerou","url":"https:\/\/acelerapyme.depourense.es\/","logo":{"@type":"ImageObject","inLanguage":"gl-ES","@id":"https:\/\/acelerapyme.depourense.es\/#\/schema\/logo\/image\/","url":"https:\/\/acelerapyme.depourense.es\/wp-content\/uploads\/2024\/06\/logo2.png","contentUrl":"https:\/\/acelerapyme.depourense.es\/wp-content\/uploads\/2024\/06\/logo2.png","width":1012,"height":189,"caption":"Acelerou"},"image":{"@id":"https:\/\/acelerapyme.depourense.es\/#\/schema\/logo\/image\/"}}]}},"_links":{"self":[{"href":"https:\/\/acelerapyme.depourense.es\/gl\/wp-json\/wp\/v2\/pages\/88536","targetHints":{"allow":["GET"]}}],"collection":[{"href":"https:\/\/acelerapyme.depourense.es\/gl\/wp-json\/wp\/v2\/pages"}],"about":[{"href":"https:\/\/acelerapyme.depourense.es\/gl\/wp-json\/wp\/v2\/types\/page"}],"author":[{"embeddable":true,"href":"https:\/\/acelerapyme.depourense.es\/gl\/wp-json\/wp\/v2\/users\/1"}],"replies":[{"embeddable":true,"href":"https:\/\/acelerapyme.depourense.es\/gl\/wp-json\/wp\/v2\/comments?post=88536"}],"version-history":[{"count":4,"href":"https:\/\/acelerapyme.depourense.es\/gl\/wp-json\/wp\/v2\/pages\/88536\/revisions"}],"predecessor-version":[{"id":88540,"href":"https:\/\/acelerapyme.depourense.es\/gl\/wp-json\/wp\/v2\/pages\/88536\/revisions\/88540"}],"wp:attachment":[{"href":"https:\/\/acelerapyme.depourense.es\/gl\/wp-json\/wp\/v2\/media?parent=88536"}],"curies":[{"name":"wp","href":"https:\/\/api.w.org\/{rel}","templated":true}]}}

Política de privacidade

<div data-elementor-type="wp-page" data-elementor-id="88536" class="elementor elementor-88536 elementor-3" data-elementor-post-type="page">
				<div class="elementor-element elementor-element-48484b1f e-flex e-con-boxed e-con e-parent" data-id="48484b1f" data-element_type="container" data-settings="{&quot;_ha_eqh_enable&quot;:false}">
					<div class="e-con-inner">
				<div class="elementor-element elementor-element-1024c604 elementor-widget elementor-widget-text-editor" data-id="1024c604" data-element_type="widget" data-widget_type="text-editor.default">
				<div class="elementor-widget-container">
							
<h4>ART. 6.1.E NORMATIVA XERAL DE PROTECCIÓN DE DATOS, INTERESE PÚBLICO E ART. 8 LOPD-GDD</h4>
<p><strong>Responsable do tratamento dos seus datos persoais</strong></p>
<p>Responsable<br> Identidade: DEPUTACIÓN DE OURENSE.<br> CIF P3200000B.[Código DIR3 L02000032]<br> Enderezo Postal: Rúa Progreso 32, 32003 Ourense<br> Teléfono: (+34) 988 317 500<br> Correo electrónico: atga@depourense.gal<br><br> Delegado de Protección de Datos<br> Datos de contacto: dpd@depourense.es<br> Correo postal: rúa Progreso 32, 32003 Ourense</p>
<p><strong>Con que finalidade tratamos os teus datos?</strong></p>
<p>Nesta Entidade tratamos a información obtida coa finalidade de poder tramitar expedientes administrativos e as actuacións derivadas deles.</p>
<p><strong>Canto tempo conservaremos os teus datos?</strong></p>
<p>Almacenamos os datos durante o tempo necesario para poder cumprir coas obrigas legais encomendadas pola normativa administrativa, e sempre, cumprindo polo menos o tempo mínimo de conservación da información. De conformidade co disposto no artigo 26 da LOPD-GDD, o tratamento por parte desta Entidade dos datos con fins de arquivo de interese público será lícito, cumprindo sempre a normativa vixente en materia de arquivos e documentación. </p>
<p><strong>Existencia de decisións automatizadas?</strong></p>
<p>Esta Entidade poderá adoptar decisións automatizadas en función da cobertura legal que lle outorga o artigo 41 da Lei 40/2015, do 1 de outubro, de Réxime Xurídico do Sector Público. Trataríase de calquera acto ou actuación realizado integramente por medios electrónicos no marco dun procedemento administrativo e no que non interviñese directamente unha persoa. </p>
<p>A toma de decisións automatizada debe estar regulada na súa propia normativa, definindo especificacións, programación, mantemento, supervisión e control de calidade. A devandita normativa estará á disposición dos cidadáns na sede electrónica desta Entidade. </p>
<p><strong>Cal é a lexitimidade para o tratamento dos seus datos persoais?</strong></p>
<p>A base legal para o tratamento dos seus datos é o cumprimento dunha misión que se realice en interese público ou no exercicio de poderes públicos, de conformidade coa Lei 39/2015, do 1 de outubro, do Procedemento Administrativo Común.</p>
<p><strong>Cales son os seus dereitos en relación cos datos facilitados?</strong></p>
<p>Calquera persoa ten dereito a obter información sobre se os seus datos persoais están a ser tratados nesta Entidade ou non.</p>
<p>As persoas interesadas teñen dereito a acceder aos seus datos persoais, ao período de conservación dos seus datos, incluso a obter unha copia dos datos obxecto de tratamento.</p>
<p>Así mesmo, ten dereito a rectificar os datos se son inexactos. (Por exemplo, pode solicitar unha rectificación do seu enderezo, un cambio de nome, etc.). </p>
<p>Os interesados ​​teñen dereito a limitar o tratamento, para iso deberán solicitalo ao responsable, que deberá suspender o tratamento dos datos cando os cidadáns soliciten a rectificación ou supresión dos seus datos, ata que se resolva a súa solicitude.</p>
<p>Os interesados ​​poderán exercer o dereito de supresión (dereito ao esquecemento) sempre que concorran as circunstancias recollidas no RGPD e segundo o regulado no artigo 15 da LOPD-GDD.</p>
<p>O afectado poderá exercer o dereito de oposición ao tratamento, sempre por motivos relacionados coa súa situación persoal, agás cando se acredite un interese lexítimo, ou cando sexa necesario para o exercicio ou a defensa de reclamacións. Así mesmo, cando o tratamento estea destinado á mercadotecnia directa. </p>
<p>O interesado terá dereito á portabilidade para obter os datos nun formato estruturado, de uso común e lexible por máquina, e transmitilos a outro responsable cando o tratamento se basee no consentimento ou se realice por medios automatizados.</p>
<p>Os interesados ​​poderán exercer os dereitos sinalados nos parágrafos anteriores, a través dos formularios dispoñibles na sede electrónica desta entidade ou remitindolle un escrito por correo postal.</p>
						</div>
				</div>
					</div>
				</div>
				</div>

<p>ART. 6.1.E NORMATIVA XERAL DE PROTECCIÓN DE DATOS, INTERESE PÚBLICO E ART. 8 LOPD-GDD Responsable do tratamento dos seus datos persoais Responsable Identidade: DEPUTACIÓN DE OURENSE. CIF P3200000B.[Código DIR3 L02000032]&hellip;</p>

<!-- This site is optimized with the Yoast SEO plugin v23.0 - https://yoast.com/wordpress/plugins/seo/ -->
<title>Política de privacidade - Acelerou</title>
<meta name="robots" content="index, follow, max-snippet:-1, max-image-preview:large, max-video-preview:-1" />
<link rel="canonical" href="https://acelerapyme.depourense.es/gl/?page_id=88536" />
<meta property="og:locale" content="gl_ES" />
<meta property="og:type" content="article" />
<meta property="og:title" content="Política de privacidade - Acelerou" />
<meta property="og:description" content="ART. 6.1.E NORMATIVA XERAL DE PROTECCIÓN DE DATOS, INTERESE PÚBLICO E ART. 8 LOPD-GDD Responsable do tratamento dos seus datos persoais Responsable Identidade: DEPUTACIÓN DE OURENSE. CIF P3200000B.[Código DIR3 L02000032]&hellip;" />
<meta property="og:url" content="https://acelerapyme.depourense.es/gl/?page_id=88536" />
<meta property="og:site_name" content="Acelerou" />
<meta property="article:modified_time" content="2024-09-23T16:07:49+00:00" />
<meta name="twitter:card" content="summary_large_image" />
<meta name="twitter:label1" content="Tempo de lectura" />
	<meta name="twitter:data1" content="3 minutos" />
<script type="application/ld+json" class="yoast-schema-graph">{"@context":"https://schema.org","@graph":[{"@type":"WebPage","@id":"https://acelerapyme.depourense.es/gl/?page_id=88536","url":"https://acelerapyme.depourense.es/gl/?page_id=88536","name":"Política de privacidade - Acelerou","isPartOf":{"@id":"https://acelerapyme.depourense.es/#website"},"datePublished":"2024-05-27T07:56:04+00:00","dateModified":"2024-09-23T16:07:49+00:00","breadcrumb":{"@id":"https://acelerapyme.depourense.es/gl/?page_id=88536#breadcrumb"},"inLanguage":"gl-ES","potentialAction":[{"@type":"ReadAction","target":["https://acelerapyme.depourense.es/gl/?page_id=88536"]}]},{"@type":"BreadcrumbList","@id":"https://acelerapyme.depourense.es/gl/?page_id=88536#breadcrumb","itemListElement":[{"@type":"ListItem","position":1,"name":"Portada","item":"https://acelerapyme.depourense.es/"},{"@type":"ListItem","position":2,"name":"Política de privacidade"}]},{"@type":"WebSite","@id":"https://acelerapyme.depourense.es/#website","url":"https://acelerapyme.depourense.es/","name":"Acelerou","description":"","publisher":{"@id":"https://acelerapyme.depourense.es/#organization"},"potentialAction":[{"@type":"SearchAction","target":{"@type":"EntryPoint","urlTemplate":"https://acelerapyme.depourense.es/?s={search_term_string}"},"query-input":"required name=search_term_string"}],"inLanguage":"gl-ES"},{"@type":"Organization","@id":"https://acelerapyme.depourense.es/#organization","name":"Acelerou","url":"https://acelerapyme.depourense.es/","logo":{"@type":"ImageObject","inLanguage":"gl-ES","@id":"https://acelerapyme.depourense.es/#/schema/logo/image/","url":"https://acelerapyme.depourense.es/wp-content/uploads/2024/06/logo2.png","contentUrl":"https://acelerapyme.depourense.es/wp-content/uploads/2024/06/logo2.png","width":1012,"height":189,"caption":"Acelerou"},"image":{"@id":"https://acelerapyme.depourense.es/#/schema/logo/image/"}}]}</script>
<!-- / Yoast SEO plugin. -->

Política de privacidade - Acelerou

ART. 6.1.E NORMATIVA XERAL DE PROTECCIÓN DE DATOS, INTERESE PÚBLICO E ART. 8 LOPD-GDD Responsable do tratamento dos seus datos persoais Responsable Identidade: DEPUTACIÓN DE OURENSE. CIF P3200000B.[Código DIR3 L02000032]&hellip;
